{"id":1222,"date":"2025-03-26T15:39:54","date_gmt":"2025-03-26T14:39:54","guid":{"rendered":"https:\/\/bora.si\/?post_type=ambasador&#038;p=1222"},"modified":"2025-03-26T15:41:07","modified_gmt":"2025-03-26T14:41:07","slug":"nejc-marcic","status":"publish","type":"ambasador","link":"https:\/\/bora.si\/hr\/ambasador\/nejc-marcic\/","title":{"rendered":"Nejc Mar\u010di\u010d"},"content":{"rendered":"<p>Nejc Mar\u010di\u010d je vrhunski slovenski alpinist, planinski vodi\u010d i ambasador brenda Karpos. Poznat je po svom alpinisti\u010dkom pristupu, predanosti i po\u0161tovanju prema planinama. Me\u0111u njegovim najve\u0107im postignu\u0107ima je prvi uspon sjevernom stranom K7 West u Karakorumu s Lukom Stra\u017earom, za koji su dobili Zlatni cepin (Piolet d&#039;Or).<\/p>\n\n\n\n<p>Nejc ostaje aktivan sudionik zahtjevnih planinarskih ekspedicija, te\u017ee\u0107i \u010distom, estetskom i neovisnom stilu penjanja. Svojom smireno\u0161\u0107u i profesionalno\u0161\u0107u uzor je mla\u0111im generacijama i va\u017ean predstavnik slovenskog planinarstva.<\/p>","protected":false},"featured_media":1223,"template":"","meta":{"_acf_changed":false,"inline_featured_image":false},"class_list":["post-1222","ambasador","type-ambasador","status-publish","has-post-thumbnail","hentry"],"acf":[],"aioseo_notices":[],"_links":{"self":[{"href":"https:\/\/bora.si\/hr\/wp-json\/wp\/v2\/ambasador\/1222","targetHints":{"allow":["GET"]}}],"collection":[{"href":"https:\/\/bora.si\/hr\/wp-json\/wp\/v2\/ambasador"}],"about":[{"href":"https:\/\/bora.si\/hr\/wp-json\/wp\/v2\/types\/ambasador"}],"wp:featuredmedia":[{"embeddable":true,"href":"https:\/\/bora.si\/hr\/wp-json\/wp\/v2\/media\/1223"}],"wp:attachment":[{"href":"https:\/\/bora.si\/hr\/wp-json\/wp\/v2\/media?parent=1222"}],"curies":[{"name":"radni list","href":"https:\/\/api.w.org\/{rel}","templated":true}]}}

Nejc Marčič

<p>Nejc Marčič je vrhunski slovenski alpinist, planinski vodič i ambasador brenda Karpos. Poznat je po svom alpinističkom pristupu, predanosti i poštovanju prema planinama. Među njegovim najvećim postignućima je prvi uspon sjevernom stranom K7 West u Karakorumu s Lukom Stražarom, za koji su dobili Zlatni cepin (Piolet d&#039;Or).</p>



<p>Nejc ostaje aktivan sudionik zahtjevnih planinarskih ekspedicija, težeći čistom, estetskom i neovisnom stilu penjanja. Svojom smirenošću i profesionalnošću uzor je mlađim generacijama i važan predstavnik slovenskog planinarstva.</p>
