{"id":799,"date":"2024-12-18T11:18:30","date_gmt":"2024-12-18T10:18:30","guid":{"rendered":"https:\/\/bora.click.si\/?post_type=ambasador&#038;p=799"},"modified":"2025-03-26T15:59:31","modified_gmt":"2025-03-26T14:59:31","slug":"lucki-cuvar","status":"publish","type":"ambasador","link":"https:\/\/bora.si\/hr\/ambasador\/luka-strazar\/","title":{"rendered":"Luka Stra\u017ear"},"content":{"rendered":"<p>Luka Stra\u017ear je planinar koji je jedan od najuspje\u0161nijih i najpriznatijih predstavnika slovenskog planinarstva. Stra\u017ear je poznat po iznimnim usponima na najte\u017eim stijenama na svijetu, posebno u Himalaji i drugim visokim planinama. Godine 2012., zajedno s Nejcem Mar\u010di\u010dem, primio je Zlatni cepin (Piolet d&#039;Or), najpresti\u017eniju nagradu u planinarstvu, za prvi uspon sjevernom stranom K7 West u Karakorumu, koja se smatra jednim od vrhunaca modernog planinarskog pristupa.<\/p>\n\n\n\n<p>Osim toga, Stra\u017ear je sudjelovao u brojnim drugim uspje\u0161nim planinarskim ekspedicijama i prvim usponima, gdje je pokazao svoju predanost, izdr\u017eljivost i tehni\u010dku savr\u0161enost. Svojim radom i postignu\u0107ima zna\u010dajno doprinosi bogatoj tradiciji slovenskog alpinizma i slu\u017ei kao inspiracija budu\u0107im generacijama alpinista.<\/p>\n\n\n\n<p class=\"translation-block\">Luka Stra\u017ear je ujedno i <strong>ambasador brenda Karpos<\/strong> , s kojim dijeli vrijednosti odgovornog, strastvenog i predanog odnosa prema planinama i planinarenju.<\/p>","protected":false},"featured_media":800,"template":"","meta":{"_acf_changed":false,"inline_featured_image":false},"class_list":["post-799","ambasador","type-ambasador","status-publish","has-post-thumbnail","hentry"],"acf":[],"aioseo_notices":[],"_links":{"self":[{"href":"https:\/\/bora.si\/hr\/wp-json\/wp\/v2\/ambasador\/799","targetHints":{"allow":["GET"]}}],"collection":[{"href":"https:\/\/bora.si\/hr\/wp-json\/wp\/v2\/ambasador"}],"about":[{"href":"https:\/\/bora.si\/hr\/wp-json\/wp\/v2\/types\/ambasador"}],"wp:featuredmedia":[{"embeddable":true,"href":"https:\/\/bora.si\/hr\/wp-json\/wp\/v2\/media\/800"}],"wp:attachment":[{"href":"https:\/\/bora.si\/hr\/wp-json\/wp\/v2\/media?parent=799"}],"curies":[{"name":"radni list","href":"https:\/\/api.w.org\/{rel}","templated":true}]}}

Luka Stražar

<p>Luka Stražar je planinar koji je jedan od najuspješnijih i najpriznatijih predstavnika slovenskog planinarstva. Stražar je poznat po iznimnim usponima na najtežim stijenama na svijetu, posebno u Himalaji i drugim visokim planinama. Godine 2012., zajedno s Nejcem Marčičem, primio je Zlatni cepin (Piolet d&#039;Or), najprestižniju nagradu u planinarstvu, za prvi uspon sjevernom stranom K7 West u Karakorumu, koja se smatra jednim od vrhunaca modernog planinarskog pristupa.</p>



<p>Osim toga, Stražar je sudjelovao u brojnim drugim uspješnim planinarskim ekspedicijama i prvim usponima, gdje je pokazao svoju predanost, izdržljivost i tehničku savršenost. Svojim radom i postignućima značajno doprinosi bogatoj tradiciji slovenskog alpinizma i služi kao inspiracija budućim generacijama alpinista.</p>



<p class="translation-block">Luka Stražar je ujedno i <strong>ambasador brenda Karpos</strong> , s kojim dijeli vrijednosti odgovornog, strastvenog i predanog odnosa prema planinama i planinarenju.</p>
